{"id":550,"date":"2024-10-01T14:15:32","date_gmt":"2024-10-01T14:15:32","guid":{"rendered":"https:\/\/sdm-events.com\/events\/?page_id=550"},"modified":"2026-01-09T15:16:57","modified_gmt":"2026-01-09T15:16:57","slug":"accueil","status":"publish","type":"page","link":"https:\/\/sdm-events.com\/events\/","title":{"rendered":"Accueil"},"content":{"rendered":"\n<h1>\n\t\tSDM Events\n\t<\/h1>\n\t\t\t\t<img loading=\"lazy\" decoding=\"async\" src=\"https:\/\/sdm-events.com\/events\/wp-content\/uploads\/2017\/02\/logo-sdm-2-choisi.png\" alt=\"logo sdm 2 choisi\" itemprop=\"image\" height=\"789\" width=\"1262\" title=\"logo sdm 2 choisi\" onerror=\"this.style.display='none'\"  \/>\n<p>Le SDM vous propose un <strong>accompagnement personnalis\u00e9<\/strong> dans la r\u00e9alisation de votre projet allant de la simple mise \u00e0 disposition de mat\u00e9riel \u00e0 l&rsquo;accompagnement complet en amont pendant et apr\u00e8s votre \u00e9v\u00e8nement selon vos besoins.<\/p>\n<p>Tout au long du parcours <strong>vos envies et vos id\u00e9es guident notre \u00e9quipe pour r\u00e9aliser l&rsquo;\u00e9v\u00e8nement dont vous r\u00eavez.<\/strong><\/p>\n<h2>\n\t\tNos atouts\n\t<\/h2>\n<p><strong>Une capacit\u00e9 d&rsquo;adaptation \u00e0 des \u00e9v\u00e8nement vari\u00e9s et des publics diff\u00e9rents<\/strong><\/p>\n<p>Fort de 25 ans d&rsquo;exp\u00e9rience, le SDM a accompagn\u00e9 de nombreuses \u00e9quipes organisatrices d&rsquo;\u00e9v\u00e8nement sur des projets tr\u00e8s divers.<\/p>\n<p>&nbsp;<\/p>\n<p><strong>La mise en valeur de celles et ceux qui font l&rsquo;\u00e9v\u00e8nement<\/strong><\/p>\n<p>Les \u00e9quipes du SDM ont a c\u0153ur de valoriser chaque personne engag\u00e9 dans la r\u00e9alisation de chaque projet. Vos envies, vos id\u00e9es sont au centre de la conception de votre \u00e9v\u00e8nement.<\/p>\n<p><strong>La gestion et la coordination d&rsquo;\u00e9quipes b\u00e9n\u00e9voles et professionnelles sur un m\u00eame projet<\/strong><\/p>\n<h2>\n\t\tVous avez un projet ? Parlons-en ! \n\t<\/h2>\n\t\t\t<a href=\"https:\/\/sdm-events.com\/events\/contact\/\" target=\"_blank\" rel=\"noopener\">\n\t\t\t\t\t\t\tPrendre contact\n\t\t\t\t\t<\/a>\n<h2>\n\t\tLe SDM en action\n\t<\/h2>\n\t<h2><strong>Ils nous ont fait confiance<\/strong><br \/>\n<\/h2>\n\n","protected":false},"excerpt":{"rendered":"<p>SDM Events Le SDM vous propose un accompagnement personnalis\u00e9 dans la r\u00e9alisation de votre projet allant de la simple mise \u00e0 disposition de mat\u00e9riel \u00e0 l&rsquo;accompagnement complet en amont pendant et apr\u00e8s votre \u00e9v\u00e8nement selon vos besoins. Tout au long du parcours vos envies et vos id\u00e9es guident notre \u00e9quipe pour r\u00e9aliser l&rsquo;\u00e9v\u00e8nement dont vous&hellip;<\/p>\n","protected":false},"author":3,"featured_media":0,"parent":0,"menu_order":0,"comment_status":"closed","ping_status":"closed","template":"","meta":{"footnotes":""},"class_list":["post-550","page","type-page","status-publish","hentry"],"_links":{"self":[{"href":"https:\/\/sdm-events.com\/events\/wp-json\/wp\/v2\/pages\/550","targetHints":{"allow":["GET"]}}],"collection":[{"href":"https:\/\/sdm-events.com\/events\/wp-json\/wp\/v2\/pages"}],"about":[{"href":"https:\/\/sdm-events.com\/events\/wp-json\/wp\/v2\/types\/page"}],"author":[{"embeddable":true,"href":"https:\/\/sdm-events.com\/events\/wp-json\/wp\/v2\/users\/3"}],"replies":[{"embeddable":true,"href":"https:\/\/sdm-events.com\/events\/wp-json\/wp\/v2\/comments?post=550"}],"version-history":[{"count":8,"href":"https:\/\/sdm-events.com\/events\/wp-json\/wp\/v2\/pages\/550\/revisions"}],"predecessor-version":[{"id":755,"href":"https:\/\/sdm-events.com\/events\/wp-json\/wp\/v2\/pages\/550\/revisions\/755"}],"wp:attachment":[{"href":"https:\/\/sdm-events.com\/events\/wp-json\/wp\/v2\/media?parent=550"}],"curies":[{"name":"wp","href":"https:\/\/api.w.org\/{rel}","templated":true}]}}